
-2200
In base 8, what is -10 + 63616?
63606
In base 15, what is -49d + 9e0?
542
In base 14, what is 4a81 + -16b?
4914
In base 16, what is -2 - -3b43?
3b41
In base 12, what is 3631 + 0?
3631
In base 16, what is 416 + -4a?
3cc
In base 7, what is 5 + 4662123?
4662131
In base 13, what is 1ca3c - 3?
1ca39
In base 15, what is 49164 + -a?
49159
In base 16, what is -1f + 4010?
3ff1
In base 7, what is -11 - -163014?
163003
In base 3, what is -1 - -100111021?
100111020
In base 6, what is -240 - 1301?
-1541
In base 7, what is 5 - -154510?
154515
In base 3, what is -210122012101 + -11?
-210122012112
In base 15, what is -4 - 24336?
-2433a
In base 3, what is -120010122021 + -11?
-120010122102
In base 8, what is 1 - -6155?
6156
In base 10, what is -1 + 11525?
11524
In base 15, what is -12e98 - -34?
-12e64
In base 10, what is 31860 - -5?
31865
In base 4, what is 123 - 21003121?
-21002332
In base 7, what is 3442 + -23?
3416
In base 3, what is -112101 + 1101021?
211220
In base 8, what is -4 - 3765?
-3771
In base 11, what is 0 - 42637?
-42637
In base 10, what is -6 + -1694?
-1700
In base 13, what is 373 + -63a6?
-6033
In base 7, what is 46002620 - 1?
46002616
In base 16, what is -2569 + -1?
-256a
In base 7, what is 2633 - -21?
2654
In base 11, what is a109 - -241?
a34a
In base 7, what is -5 - 51055?
-51063
In base 3, what is -111000221 - 212?
-111001210
In base 4, what is 131 + -1221120?
-1220323
In base 6, what is -301 - -115403?
115102
In base 12, what is 60a1a5 - -4?
60a1a9
In base 12, what is 2 - a851?
-a84b
In base 4, what is 3 + 2211130310?
2211130313
In base 5, what is 100020 - 324?
44141
In base 14, what is -255 - 62d?
-884
In base 7, what is 245 - -35?
313
In base 7, what is 52222 - 31?
52161
In base 5, what is -10 - -42320323?
42320313
In base 15, what is -4 + 1057ba?
1057b6
In base 4, what is -32 + 12020?
11322
In base 13, what is 254c04 - -3?
254c07
In base 3, what is -122001 - 120110?
-1012111
In base 15, what is 2b8 + 4db?
7a4
In base 16, what is 1ef05 - -1a?
1ef1f
In base 5, what is -203034 + -4?
-203043
In base 13, what is 815b0 - -2?
815b2
In base 5, what is -41140 + 2240?
-33400
In base 9, what is -11680 - -10?
-11670
In base 13, what is 2097 - 4?
2093
In base 2, what is 1000 + 1100111010100?
1100111011100
In base 8, what is 3 - -2102735?
2102740
In base 14, what is 4 - 230c?
-2308
In base 14, what is -367160 - 5?
-367165
In base 11, what is -2 - -7383?
7381
In base 15, what is 42e + -76?
3a8
In base 7, what is -1030 - 15235?
-16265
In base 4, what is 11 + 11013213102?
11013213113
In base 7, what is 1533663 - 20?
1533643
In base 6, what is 405 + 1454?
2303
In base 6, what is -525 + -13443?
-14412
In base 8, what is -254 + 136?
-116
In base 10, what is 2 - 356122?
-356120
In base 8, what is -1 - 4775?
-4776
In base 14, what is -38063 - 2?
-38065
In base 11, what is a52 - 15?
a38
In base 6, what is 5440 + -3331?
2105
In base 9, what is 142 + 626?
768
In base 2, what is -11 - 110100011101110110?
-110100011101111001
In base 3, what is 2012110220 + 100?
2012111020
In base 6, what is 332055 - -2?
332101
In base 2, what is 10001 + -1001000110101101000?
-1001000110101010111
In base 11, what is -216 - -61?
-165
In base 15, what is d31ed - 0?
d31ed
In base 14, what is -1c43 - 14?
-1c57
In base 9, what is 138212 + -3?
138208
In base 11, what is -5 - 575763?
-575768
In base 15, what is -566 + -2c?
-593
In base 2, what is -1001 - 10101001011?
-10101010100
In base 12, what is 12b6 - -20?
1316
In base 5, what is 14 + 21041212?
21041231
In base 15, what is 17 + 157d?
1595
In base 7, what is 4 - -413452?
413456
In base 14, what is -7d55ca + -4?
-7d55d0
In base 13, what is -15 - 373a?
-3752
In base 11, what is a - -89326?
89335
In base 6, what is 3 + -15535351?
-15535344
In base 16, what is 434 - 28?
40c
In base 15, what is -29670 + -5?
-29675
In base 9, what is 10 - 14058?
-14048
In base 14, what is 44 + -c2c?
-bc8
In base 8, what is 4617 - 1161?
3436
In base 5, what is 314 - 112134?
-111320
In base 4, what is 133212111 + -3?
133212102
In base 4, what is -31 + -2021210?
-2021301
In base 8, what is -4 - -71334?
71330
In base 10, what is 0 + 13723?
13723
In base 8, what is -233717 - 5?
-233724
In base 6, what is 14 - 134450?
-134432
In base 14, what is 38 + a2?
da
In base 4, what is 11 - -10111300?
10111311
In base 13, what is 3 + 18832?
18835
In base 11, what is 1 + 181?
182
In base 8, what is -6 + -3266?
-3274
In base 14, what is 882c - 2?
882a
In base 13, what is 16c59 - -1?
16c5a
In base 7, what is -632402 + -4?
-632406
In base 15, what is 4 + -16?
-12
In base 9, what is 3 + -325744?
-325741
In base 9, what is 5063 + 3?
5066
In base 12, what is 0 - -33b3?
33b3
In base 16, what is -3b + 22d6?
229b
In base 3, what is 20010212022 - 0?
20010212022
In base 12, what is -2 + 1107a?
11078
In base 7, what is 1034 + -2064?
-1030
In base 2, what is 1000100 + -101010000111011?
-101001111110111
In base 16, what is 2 + 3a77e?
3a780
In base 4, what is -1 + 1221023222?
1221023221
In base 9, what is 5 - 768578?
-768573
In base 16, what is -19e8 - 1c?
-1a04
In base 6, what is -5501453 + -2?
-5501455
In base 6, what is 4 + -3541510?
-3541502
In base 16, what is -16434 + -5?
-16439
In base 11, what is 5 + -3a125?
-3a120
In base 11, what is 3 - -25053?
25056
In base 6, what is 45 - -1444221?
1444310
In base 13, what is 3bb - 769?
-37b
In base 16, what is 7c - 868?
-7ec
In base 5, what is 212 + 4011?
4223
In base 2, what is 1 - 10100011011001101?
-10100011011001100
In base 2, what is 111100101011 - -10?
111100101101
In base 16, what is -285fc - -13?
-285e9
In base 16, what is -1c4d6 - -3?
-1c4d3
In base 16, what is -5 - 11c2?
-11c7
In base 2, what is -101000 - -100101111011?
100101010011
In base 5, what is -24111 + 3203?
-20403
In base 5, what is -10 + -1244331?
-1244341
In base 9, what is -7780 - -57?
-7722
In base 5, what is 441 + -1101234?
-1100243
In base 9, what is 101 + -5213?
-5112
In base 14, what is 29 + 138c?
13b7
In base 11, what is -712 + -14?
-726
In base 15, what is 3a7e7 + 2?
3a7e9
In base 4, what is -1221023103 - 11?
-1221023120
In base 6, what is -11 + -2540452?
-2540503
In base 15, what is -117c - -38?
-1144
In base 8, what is -4 - 30776?
-31002
In base 3, what is 2110002 + 22211?
2202220
In base 12, what is 494 + 45b?
933
In base 13, what is 45 - -116?
15b
In base 4, what is 10122 - 1200213?
-1130031
In base 16, what is 21 + 1d8bb?
1d8dc
In base 16, what is -8 - 2e075?
-2e07d
In base 16, what is 5 + -fc1c?
-fc17
In base 12, what is 7b + -165a?
-159b
In base 14, what is 4 - -2067d?
20683
In base 5, what is 13112233 + 1?
13112234
In base 2, what is -1001101001110001 - 0?
-1001101001110001
In base 9, what is -218 - 1321?
-1540
In base 5, what is 31222 + 212?
31434
In base 13, what is -a0c5 + 2?
-a0c3
In base 6, what is 4432 + 2135?
11011
In base 16, what is -28b5 + -2?
-28b7
In base 4, what is 32223103 - 10?
32223033
In base 11, what is -4 - -109a6?
109a2
In base 8, what is -14712 - -6?
-14704
In base 2, what is 100111000100 + 111011?
100111111111
In base 10, what is -143 - -2312?
2169
In base 10, what is 3 - 1225295?
-1225292
In base 13, what is 8509c + -5?
85097
In base 6, what is -133423 + -1234?
-135101
In base 6, what is -105 + -110323?
-110432
In base 10, what is 28584 + -5?
28579
In base 12, what is -60 - -61a?
57a
In base 10, what is 8110 + -57?
8053
In base 8, what is -12 - -1140?
1126
In base 14, what is -3 + -126830?
-126833
In base 5, what is 1141424 + -2?
1141422
In base 10, what is -1 + 66229?
66228
In base 6, what is -1 - 23243?
-23244
In base 13, what is -5b - 11081?
-1110c
In base 5, what is 1221120 - -320?
1221440
In base 16, what is 9 + -60?
-57
In base 15, what is 2c5 - 83?
242
In base 14, what is 47b51 - -b?
47b5c
In base 16, what is 1 - -27f9?
27fa
In base 4, what is 10112 + -3123100?
-3112322
In base 13, what is 0 + 11a02?
11a02
In base 8, what is 25 + 73642?
73667
In base 11, what is 8 + 20450?
20458
In base 4, what is 11 + 112031?
112102
In base 5, what is 2402 - 414?
1433
In base 7, what is -36 - -20023?
16654
In base 16, what is -6 - 28841?
-28847
In base 3, what is 10012211101 + 10?
10012211111
In base 14, what is -17 + -3bd9?
-3c12
In base 4, what is 1013 + -213233?
-212220
In base 11, what is 5 - -3936a?
39374
In base 3, what is 